35. Let u be t(-21). Let i = 235 + -114. Let f = u + i. Calculate the remainder when f is divided by 15.
12
Suppose 5*h = 4*z - 119, -h - 89 = -5*z + 44. Suppose -5*x = 25, -x = 5*n - 95 - 140. Calculate the remainder when n is divided by z.
22
Suppose -d + 3*o + 18 = 0, 0*d + 2*d - 24 = 3*o. Calculate the remainder when ((-118)/3)/((-4)/d) is divided by 20.
19
Let c = 248 + -205. What is the remainder when 53 is divided by c?
10
Let w be 2/7 + (-9)/7. Let n = 4 - w. Suppose 5*g + 40 = n*k, k - 3 - 5 = -g. Calculate the remainder when 21 is divided by k.
5
Suppose -2*x = 2*x, -4*j = 3*x - 56. Suppose -j*q + 5*q + 189 = 0. Suppose -8*y + 40 = -3*y. Calculate the remainder when q is divided by y.
5
What is the remainder when (7048/80 - 3) + (-2)/20 is divided by 47?
38
Suppose -4*h = -4*t + 28, 3*t = 6*t + 5*h + 19. Let d = t + 44. Calculate the remainder when d is divided by 8.
6
Suppose 2*d + 41 = n, -5*d - 5*n - 96 - 44 = 0. Let a = -16 - d. What is the remainder when 12 is divided by a?
5
Let u(l) = -4*l. Let i be u(-1). Suppose -i = 2*o - 14. What is the remainder when o is divided by 5?
0
Let k = -7 + 97. Calculate the remainder when k is divided by 20.
10
Suppose -12 = -4*z + 5*z. Let k(w) = w**3 + 11*w**2 - 11*w + 25. What is the remainder when 51 is divided by k(z)?
12
Let c be 0 + -2 + 98 + (1 - 0). Let y = -57 + c. What is the remainder when y is divided by 21?
19
Let b(g) = g + 11*g**2 - 2 + 0 + 1 - 2*g. Let k(n) = -n**3 + 6*n**2 - 1. Let w be k(6). Calculate the remainder when 21 is divided by b(w).
10
Let k = -531 - -640. Calculate the remainder when k is divided by 14.
11
What is the remainder when 755 is divided by (-4009)/(-171) - 4/9?
19
Let s(g) = 3*g**2 + g + 51. What is the remainder when s(-6) is divided by 27?
18
Suppose -z - 1 = -5*p - 2, 4*z + 11 = 5*p. Let l = 4 + p. Suppose 6*d - 94 = -5*j + l*d, -3*j + 5*d = -36. Calculate the remainder when 48 is divided by j.
14
Let b(n) = -2*n - 1. Let g = -2 + -2. Let q(k) = -2*k + 91. What is the remainder when q(33) is divided by b(g)?
4
Calculate the remainder when -5 - (-5 - 2) - -113 is divided by 13.
11
Let w = 15 + 11. Let y = 3 - -11. Let s = 35 + y. Calculate the remainder when s is divided by w.
23
Let c(g) = -10*g + 94. What is the remainder when c(8) is divided by 8?
6
Suppose 0 = -3*k + 16 - 1. Suppose 5*h - 55 = k*a, -4*h + 115 = 4*a + 31. What is the remainder when 58 is divided by h?
10
Suppose -30*o - 3677 = -4*m - 27*o, 3*o = -2*m + 1825. What is the remainder when m is divided by 23?
20
Let f(q) = q**3 + 7*q**2 - 12*q + 5. Calculate the remainder when f(-8) is divided by 2.
1
Let w(v) = -v**2 - 4*v + 28. Suppose 4*d = 4*u - 412, -2*u + 3*d + 74 = -127. What is the remainder when u is divided by w(0)?
24
Suppose u + i - 22 - 10 = 0, -3*i = u - 24. Let v = u + -8. Suppose 0 = 3*l - 2*l - 54. Calculate the remainder when l is divided by v.
26
Suppose -21*c + 642 = -15*c. Calculate the remainder when c is divided by 18.
17
Suppose -10 = -h + 4*t, t + 12 = -3*t. Let o be (-3 - -5)/((-1)/h). Suppose 0*r - o*r = -48. Calculate the remainder when 47 is divided by r.
11
Suppose 2*t + t - 164 = 5*z, -t = -z - 56. Suppose 3*k + k = 8. Suppose -4*r = k*d - 46, -r = -4*d + 3*d + 11. Calculate the remainder when t is divided by d.
13
What is the remainder when ((-306)/(-15))/(3/10) is divided by 25 + (16/(-4) - -2)?
22
Let m = 26 + -14. Let y(f) = 2 + m*f + 2 - 11*f. Calculate the remainder when 45 is divided by y(8).
9
Let x(s) = s**2 - 3*s + 3. Suppose 0 = 4*l - 3*q - 4, -28*q = 5*l - 31*q - 5. What is the remainder when x(3) is divided by l?
0
What is the remainder when (3/((-3)/(-26)))/2 is divided by (168/(12/1))/2?
6
Let l = -119 + 189. Calculate the remainder when (-196)/l*(-1 - 19) is divided by 16.
8
Let t = -242 + 255. What is the remainder when 230 is divided by t?
9
Let f(a) = -a + 8. Calculate the remainder when 43 is divided by f(3).
3
Suppose -12*m + 16*m = -5*p + 100, 2*m = -p + 26. What is the remainder when p is divided by 13?
3
Suppose 4*m - m + 45 = 0. Let q = 16 + m. Calculate the remainder when q is divided by 3 + 3 + -3 + -2.
0
Let h(c) = 38*c**2 + 3*c + 3. Let k be h(-2). Suppose k = 4*m - 51. Suppose -108*w - 13 = -109*w. What is the remainder when m is divided by w?
11
Suppose 5*p = n + 3*n + 35, 3*n - 3*p = -27. What is the remainder when (-3402)/(-180) + (-1)/n is divided by (13 + -2)*1 - -1?
7
Let m(f) = 2*f**2 - 3*f - 1. What is the remainder when m(-5) is divided by (-2 + (-16)/(-12))/((-4)/78)?
12
Let v = 168 + -61. Let s(p) = p**2 - p + 3. Let l be s(0). What is the remainder when v is divided by 6*(-3)/(-27) + 64/l?
19
Suppose -2*v = v - 3, -4*d = -3*v - 33. Suppose 0 = -d*n + 12*n - 18. What is the remainder when 22 is divided by n?
4
Suppose -2*q + 179 = -5*z - q, -z - 19 = 4*q. Calculate the remainder when 134 is divided by ((-126)/z)/(2/15).
26
Let t = 19 - 66. Let b = t + 70. Calculate the remainder when 114 is divided by b.
22
Let y(z) = -z**3 + z**2 - 3*z - 7. Calculate the remainder when 41 is divided by y(-2).
8
Suppose -4*d + 79 = 7. Calculate the remainder when (2/(-4))/((-2)/284) is divided by d.
17
Suppose -10*f = 5*d - 9*f - 994, -d + 3*f = -202. What is the remainder when d is divided by 8?
7
Let b = 340 + -193. Calculate the remainder when b is divided by 25.
22
Calculate the remainder when 526 is divided by ((-6050)/(-11))/10 + 4.
54
Suppose -3*y + 101 = -n + 2*n, 2 = -2*n. Calculate the remainder when y is divided by 9.
7
Let g = 1 + 7. Let z = g + 0. Calculate the remainder when (-2)/(-5) - (-306)/10 is divided by z.
7
Let r = -50 + 66. What is the remainder when 255 is divided by r?
15
Let k = -11 + 14. Suppose -3*b - r = -k*r - 62, -b + 10 = 2*r. Calculate the remainder when 102*(0 + -1)*(-7)/21 is divided by b.
16
Let d(z) = z**2 - 2*z - 5. Let l = -41 + 45. Calculate the remainder when 11 is divided by d(l).
2
Suppose -2*r + 50 = 7*z - 3*z, 4*r = -4*z + 84. Let o(h) = -h**3 + 5*h**2 - 4*h + 3. What is the remainder when r is divided by o(2)?
3
Let s = 11 - 9. Suppose 3*p + 2 = s*h, 0*p - 2 = -p - 2*h. Suppose -4*x + 2*t + 42 = 0, -t + p = 3. Calculate the remainder when x is divided by 6.
3
Let d(x) = x**3 - 5*x**2 - x + 6. Let j be d(5). What is the remainder when 26 - ((-2)/j - 1) is divided by 6?
5
Let w(u) = -u**3 - 12*u**2 - 24*u - 16. Let o be w(-10). Suppose -3*v - 4*p + 78 = 8, -v - p = -o. What is the remainder when 49 is divided by v?
23
Suppose -x + 7 + 5 = 0. Suppose x*t + 5 = 13*t. What is the remainder when 6 is divided by t?
1
Let l = 2027 + -1883. What is the remainder when l is divided by 29?
28
Let w(r) = 5*r - 3. Let v(i) = 14*i - 8. Let t(h) = -6*v(h) + 17*w(h). What is the remainder when (-195)/(-10) - (-2)/(-4) is divided by t(9)?
1
Let z = 41 + -120. Calculate the remainder when -4 + (-1 - z) - 2 is divided by 25.
22
Suppose -11 = 30*w - 281. What is the remainder when 944 is divided by w?
8
Let m be ((-2)/(-3))/(4/(-114)) - -3. Let v = m + 45. Calculate the remainder when v is divided by 15.
14
Let z = -248 - -579. What is the remainder when z is divided by 9?
7
Let u(f) = f**2 + 38*f - 40. Calculate the remainder when u(-41) is divided by 29.
25
Let k(c) = -c**3 - 7*c**2 - 9*c - 7. Calculate the remainder when k(-6) is divided by 10 - 9*(-30)/(-45).
3
Suppose -5*r = -r - 3*p - 170, 80 = 2*r + p. What is the remainder when 201 is divided by r?
37
Let i be (-2)/7 - (-16)/7. Suppose i*o = -4 - 0. Let r(g) = 3*g**2 + 3*g + 1. Calculate the remainder when 25 is divided by r(o).
4
Let a be (-74)/(-14) + 4/(-14). Suppose 3 - 117 = -a*s - 4*z, s - 18 = 4*z. Let n = 56 - 48. Calculate the remainder when s is divided by n.
6
Let v = 48 + -17. Let p(x) = -3*x - 16. What is the remainder when v is divided by p(-11)?
14
Let f = -46 - -137. Suppose 2*a = 40 - 32, 3*x = -4*a + 88. What is the remainder when f is divided by x?
19
Suppose -72*k + 73*k = -3*m + 103, 4*k = -5*m + 160. Let d(z) = -z**3 + 10*z**2 - 5*z - 8. Calculate the remainder when d(7) is divided by m.
32
Suppose 0 = -4*v - 5*j + 186, 3*v - 2*j - 149 = -j. Calculate the remainder when 487 is divided by v.
46
Suppose -5*i - 5 = 5*p, -4*i + 2*p + 4 = -2*p. Suppose i*m + 60 = 5*m. What is the remainder when m is divided by 4?
0
Suppose 0 = -3